 = u, 0*n + 122265 = 3*n - 6*u. What is the thousands digit of n?
0
Let g = 10883 + -5274. What is the units digit of g?
9
Let x(g) = -9*g**3 + 36*g**2 + 133*g + 26. What is the units digit of x(-4)?
6
Suppose 0 = -5*a + 61*j - 58*j + 160525, j = -2*a + 64210. What is the thousands digit of a?
2
Let b(r) = 13 + 7*r - r**2 + 0*r**2 + 3*r**2. Let h(s) = s**3 - 2*s**2 - 13*s + 21. Let g be h(2). What is the units digit of b(g)?
8
Let g(d) = -17*d - 7. Let n be g(-1). Suppose -774 = -12*y + n*y. What is the hundreds digit of y?
3
Let s = 37 - -4. Suppose -75 - 51 = -x - 2*n, 4*x - 4*n = 444. Let k = x - s. What is the units digit of k?
5
Let l = -74 - -79. Suppose -w + 5*w - 4*v = 1748, 2155 = l*w + v. What is the hundreds digit of w?
4
What is the tens digit of (96/56)/6 + (-157683)/(-21)?
0
What is the hundreds digit of ((-264)/11 - 6)*5144/(-10)?
4
Let v(a) = 4*a**3. Let d be v(1). What is the hundreds digit of -430*d/(16/(-10))?
0
Let r(v) = 8*v - 19*v**3 - 14 + 2*v**2 + 0*v - 3*v + 11 + 7*v**3. What is the units digit of r(-3)?
4
Let i(b) = 4*b + 100. Let u be i(17). What is the tens digit of 5/(10/u) + -3 + 1?
8
Let o be -1 + 2 + (1 - 0). Suppose -4*u + 20 = 0, 0 = g + 2*u - 154 + 20. Suppose -52 = -o*i + g. What is the units digit of i?
8
Let g = -455 + 481. Suppose 0 = -37*n + g*n + 23056. What is the thousands digit of n?
2
Suppose 4*q - 4*v - 12 = 0, 2*v = -4*q + 3*v + 12. Let o(h) = -4*h + 16*h - 13*h + 39*h + 4. What is the units digit of o(q)?
8
Let q = -4 + 5. Let x(g) = 59 + 161*g - 55 + 73*g. What is the tens digit of x(q)?
3
Suppose 18*k - 20 = 22*k, 6*q - 72250 = 2*k. What is the hundreds digit of q?
0
Let q(t) = -t**3 + 2*t**2 - 3*t - 5. Let u be q(-6). Suppose -r - 16 = -4*h - u, r = 2*h + 279. What is the hundreds digit of r?
2
Let u(z) = 40*z + 42. Let s(n) = n**3 - 11*n + 11. Let t be s(3). What is the units digit of u(t)?
2
Let m(c) = c**2 - 6*c - 3239. What is the units digit of m(61)?
6
Let h(a) = 5*a**3 - 2*a**2 - 5*a + 17. Let z be h(3). Suppose -1116 = z*x - 125*x. What is the tens digit of x?
8
Let j be 4 + (-8)/(-4) + -863. Let m = -294 - j. What is the tens digit of m?
6
What is the thousands digit of (-185889)/(-51) - (-104)/884?
3
Suppose 116 = -15*o - 34. Let w(m) = -35*m + 195. What is the units digit of w(o)?
5
Suppose 12*p - 7*p - 40 = 0. Let u(y) = 19*y - 50. What is the tens digit of u(p)?
0
Let d(l) = 34*l - 83. Let x be d(18). Suppose 4*g + 3*b - 306 - x = 0, 0 = 2*g - 4*b - 390. What is the hundreds digit of g?
2
Let i(q) = -q**3 + 13*q**2 - 5*q + 39. Let r be i(12). Suppose -n - r = -1318. What is the tens digit of n?
9
Let w be (-27)/6*(-12)/18. Let p = 11 - 11. Suppose p = -c - d + 368 - 74, w*d - 1466 = -5*c. What is the units digit of c?
2
Let w = 372 + -364. What is the hundreds digit of (20/w)/(3/6) + 549?
5
Let g(c) = 13*c - 188. Let j be g(15). What is the units digit of -1*(8 + -5) + 8981/j?
0
Let n(j) = -2*j - 28. Let f be n(-14). Suppose f = 5*k - 10*k + 270. Suppose 3*a - k = 48. What is the tens digit of a?
3
Suppose -2*n - 8 + 14 = 0. Let k(s) = 20*s**3 - 3*s**2 + 3*s - 13. What is the tens digit of k(n)?
0
Suppose -15*s = -11*s - 5*b - 57543, -6*s + 86320 = -2*b. What is the thousands digit of s?
4
What is the tens digit of ((-52)/(-65))/(28/1434930)?
9
Let r(l) = 30*l**2 + 497*l - 14. What is the tens digit of r(-23)?
2
Let u = -2610 + 9165. What is the units digit of u?
5
Suppose -5*k = n + 55, 3*n + n = -4*k - 28. Let a be (-2)/k + 8898/(-36). Let c = a - -427. What is the tens digit of c?
8
Let z = -200 - -200. Suppose 3*y = c + 1632, z + 6 = 2*c. What is the units digit of y?
5
Let b(z) = 20*z**3 + 3*z**2 - 17*z + 44. What is the tens digit of b(4)?
0
Suppose -34*u = -142312 + 40890. What is the units digit of u?
3
Let w = -16564 - -22558. What is the tens digit of w?
9
Let c = -11 - -21. Suppose -5*q + c = -0. What is the units digit of 171/3 - (q - 0)?
5
Let k = 10 - 8. Suppose 3*z - 202 = -f, -112 = -2*z - k*f + 20. Let d = -40 + z. What is the tens digit of d?
2
Let o(f) = 362*f**2 - 436*f - 4387. What is the thousands digit of o(-10)?
6
Let d = 13571 + -5617. What is the tens digit of d?
5
Suppose -23*r = -39822 - 18667. What is the hundreds digit of r?
5
Suppose -5*d - 34 + 79 = 0. Suppose 3*r = d, -n - n + 3*r = -1091. What is the units digit of n?
0
Let x = 5 - -55. Let t(b) = 3*b + 19. Let v be t(-6). What is the tens digit of (v*x/16)/(1/8)?
3
Suppose -2*i = i + 66. Let p be (-1)/(i/(-4)) - 7692/44. What is the tens digit of p/(-4) + 8/32?
4
Suppose 7*m - 135 = -44. Suppose -3*p = -5*g + 34, g = -4*p - 4*g + m. What is the units digit of ((-64)/p)/(4/24)?
8
Let r(w) = -1416*w - 26. Let h(t) = -t**3 - 2*t**2 + 7*t + 13. Let j be h(-2). What is the thousands digit of r(j)?
1
Let z = 35 + -32. Suppose z*i - 436 = n, -5*i + 6*n - 2*n = -722. What is the tens digit of i?
4
Suppose 0 = -6*j + 89918 + 24232. What is the units digit of j?
5
Let v(d) = -298*d - 895. What is the thousands digit of v(-16)?
3
Let x be 3/(-6)*(-129 + 23). Let z = -39 + 11. Let c = x - z. What is the units digit of c?
1
Let i(f) = 2153*f - 13297. What is the tens digit of i(9)?
8
Let b be -66 + 30/6 + -3. Let v = b - -79. What is the units digit of v?
5
Suppose k + 4*k + 3*i = 34, 5*k - 13 = 4*i. Suppose -x + 8 = -k*x. What is the units digit of (-16 - (7 + -3))/x?
0
Let n be (-3)/(-1*6/8). Let i = n - -1. Suppose -w - 2*w = y - 53, 4*y = i*w - 94. What is the tens digit of w?
1
Let s be (-2 + -1)*(1 + 14/3). Suppose 3*t - 301 = -2*x + 34, 2*t + 496 = 3*x. Let i = x + s. What is the tens digit of i?
4
Suppose 4*p + p - 26 = 2*y, -5*y + 1 = 4*p. Suppose -25 = 5*z + 6*u - 5*u, 0 = -2*z - p*u - 28. Let q(f) = -52*f - 27. What is the tens digit of q(z)?
8
What is the hundreds digit of 2*4749 + 4/(36/(-81))?
4
Suppose -5*s - x = -2, -2*s + 2*x = 2*s + 4. Let i(m) = 11*m + 581. What is the units digit of i(s)?
1
Let y = -6211 + 10473. What is the thousands digit of y?
4
Suppose 5 + 2 = 7*g. Let t be g + (2 - 2/1). What is the units digit of t/((-1)/2 + 1) - -12?
4
What is the hundreds digit of 10044*(8/28 - 112/(-294))?
6
Suppose 6*k - 64 = -2*k. Suppose 0*p - p + 3*h + 577 = 0, 2*p - 2*h - 1138 = 0. Suppose -3*z + 339 = 5*n, 5*z + 9*n - p = k*n. What is the units digit of z?
3
Suppose 0 = p + 5*b - 7318, -22*b + 17*b - 36740 = -5*p. What is the hundreds digit of p?
3
Suppose -12*c - 46 = -166. Suppose c*p = 391 + 779. What is the tens digit of p?
1
Let j(w) = 366*w - 170. Let u be j(2). Suppose -y + u = 3*t, 29*y - 2784 = 24*y - 2*t. What is the tens digit of y?
5
Let x(k) = 8*k**2 - 9*k + 18. Let q(n) = n - 1. Let b(r) = -6*q(r) + x(r). Let t be b(9). What is the hundreds digit of (t/(-9))/((-5)/(-45)*-3)?
1
Let s(k) = -45*k**3 - 3*k**2 + 17*k + 2. What is the ten thousands digit of s(-8)?
2
Let d = 29253 - 3683. What is the tens digit of d?
7
Let f = -460 - -563. Suppose -2*w + 510 = 4*n, -f - 260 = -3*n + 5*w. What is the units digit of n?
6
Let b be 2/(-7) + (-754)/(-91). Suppose b*g + 5*g = 2262. What is the hundreds digit of g?
1
Let a(z) = 119*z**2 - 13*z + 8. Let w be a(1). Suppose -4*n - 978 = -7*n. Suppose -n = -4*f + w. What is the units digit of f?
0
Let u be 121/22 + (-6)/(-4). Let l = 119 - u. What is the units digit of ((-144)/14)/((-12)/l)?
6
Let w = -75 + 73. Let v be 3/9*-3*w. Suppose v*a = -3*o - 2*o + 526, 2*a + 216 = 2*o. What is the hundreds digit of o?
1
Let t be ((-55)/(-2))/((-430)/(-172)). What is the units digit of t/(-77) - 14954/(-14)?
8
What is the tens digit of (486164/895)/((-2)/(-15))?
7
Let f be 14/6 - (-7)/(-21). Suppose -2*b - f*b + 5*x = -2615, -3*b + x + 1975 = 0. What is the hundreds digit of b?
6
Let z be (54/45)/((-3)/((-150)/4)). Suppose -z*y + 144 = -261. What is the units digit of y?
7
Let t = 3526 + -2514. What is the thousands digit of t?
1
Let h(f) = -4*f**2 + 12*f - 42. Let a(y) = 5*y**2 - 12*y + 43. Let x(g) = -5*a(g) - 6*h(g). Let l be x(-15). Let s = l + 44. What is the units digit of s?
6
Let a(c) = -36 - 6 + 5*c + 175. What is the units digit of a(19)?
8
Suppose -16*d + 19*d = 2*j - 11260, -j + 5625 = -4*d. What is the tens digit of j?
3
Let v(q) = -6362*q - 64. What is the ten thousands digit of v(-2)?
1
Let y be (3 + (-30)/9)*-12. Suppose -y*s + 12*s 